{"id":1113,"date":"2024-02-12T17:14:17","date_gmt":"2024-02-12T16:14:17","guid":{"rendered":"https:\/\/ww-sport.de\/mueggelturm-lauf\/?page_id=1113"},"modified":"2024-03-13T09:55:49","modified_gmt":"2024-03-13T08:55:49","slug":"werder-feinkost-2","status":"publish","type":"page","link":"https:\/\/ww-sport.de\/mueggelturm-lauf\/partner\/werder-feinkost-2\/","title":{"rendered":"WERDER Feinkost"},"content":{"rendered":"\n<p>Was 1873 aus einem Zusammenschluss vieler kleiner Betriebe, die Obst und Gem\u00fcse konservieren begann, entwickelte sich \u00fcber die Zeit zu einer echten Erfolgsgeschichte.<\/p>\n\n\n<div class=\"wp-block-image\">\n<figure class=\"aligncenter size-medium\"><img loading=\"lazy\" decoding=\"async\" width=\"300\" height=\"143\" src=\"https:\/\/ww-sport.de\/mueggelturm-lauf\/wp-content\/uploads\/WERDER_Logo_11200x570px-300x143.png\" alt=\"\" class=\"wp-image-1116\" srcset=\"https:\/\/ww-sport.de\/mueggelturm-lauf\/wp-content\/uploads\/WERDER_Logo_11200x570px-300x143.png 300w, https:\/\/ww-sport.de\/mueggelturm-lauf\/wp-content\/uploads\/WERDER_Logo_11200x570px-1024x488.png 1024w, https:\/\/ww-sport.de\/mueggelturm-lauf\/wp-content\/uploads\/WERDER_Logo_11200x570px-768x366.png 768w, https:\/\/ww-sport.de\/mueggelturm-lauf\/wp-content\/uploads\/WERDER_Logo_11200x570px-540x257.png 540w, https:\/\/ww-sport.de\/mueggelturm-lauf\/wp-content\/uploads\/WERDER_Logo_11200x570px-1080x515.png 1080w, https:\/\/ww-sport.de\/mueggelturm-lauf\/wp-content\/uploads\/WERDER_Logo_11200x570px.png 1200w\" sizes=\"auto, (max-width: 300px) 100vw, 300px\" \/><\/figure>\n<\/div>\n\n\n<p>So \u00fcberstand WERDER die Irrungen und Wirrungen des Krieges, der Teilung Deutschlands und avancierte zur Trademark f\u00fcr hervorragenden Ketchup. Und schaffte es stets, sich den zeitgen\u00f6ssischen Gegebenheiten durch kluges Handeln und treue Werte anzupassen.<\/p>\n\n\n<div class=\"wp-block-image is-style-default\">\n<figure data-wp-context=\"{&quot;imageId&quot;:&quot;69e7330646294&quot;}\" data-wp-interactive=\"core\/image\" data-wp-key=\"69e7330646294\" class=\"aligncenter size-large is-resized wp-lightbox-container\"><img loading=\"lazy\" decoding=\"async\" width=\"1024\" height=\"937\" data-wp-class--hide=\"state.isContentHidden\" data-wp-class--show=\"state.isContentVisible\" data-wp-init=\"callbacks.setButtonStyles\" data-wp-on--click=\"actions.showLightbox\" data-wp-on--load=\"callbacks.setButtonStyles\" data-wp-on-window--resize=\"callbacks.setButtonStyles\" src=\"https:\/\/ww-sport.de\/mueggelturm-lauf\/wp-content\/uploads\/2024_Werder_Genusspaket_1080px-1024x937.png\" alt=\"Werder Feinkost: Genie\u00dfer-Paket mit \u00dcberraschungsf\u00fcllung\" class=\"wp-image-1124\" style=\"width:540px\" srcset=\"https:\/\/ww-sport.de\/mueggelturm-lauf\/wp-content\/uploads\/2024_Werder_Genusspaket_1080px-1024x937.png 1024w, https:\/\/ww-sport.de\/mueggelturm-lauf\/wp-content\/uploads\/2024_Werder_Genusspaket_1080px-300x274.png 300w, https:\/\/ww-sport.de\/mueggelturm-lauf\/wp-content\/uploads\/2024_Werder_Genusspaket_1080px-768x703.png 768w, https:\/\/ww-sport.de\/mueggelturm-lauf\/wp-content\/uploads\/2024_Werder_Genusspaket_1080px-540x494.png 540w, https:\/\/ww-sport.de\/mueggelturm-lauf\/wp-content\/uploads\/2024_Werder_Genusspaket_1080px.png 1080w\" sizes=\"auto, (max-width: 1024px) 100vw, 1024px\" \/><button\n\t\t\tclass=\"lightbox-trigger\"\n\t\t\ttype=\"button\"\n\t\t\taria-haspopup=\"dialog\"\n\t\t\taria-label=\"Vergr\u00f6\u00dfern\"\n\t\t\tdata-wp-init=\"callbacks.initTriggerButton\"\n\t\t\tdata-wp-on--click=\"actions.showLightbox\"\n\t\t\tdata-wp-style--right=\"state.imageButtonRight\"\n\t\t\tdata-wp-style--top=\"state.imageButtonTop\"\n\t\t>\n\t\t\t<svg xmlns=\"http:\/\/www.w3.org\/2000\/svg\" width=\"12\" height=\"12\" fill=\"none\" viewBox=\"0 0 12 12\">\n\t\t\t\t<path fill=\"#fff\" d=\"M2 0a2 2 0 0 0-2 2v2h1.5V2a.5.5 0 0 1 .5-.5h2V0H2Zm2 10.5H2a.5.5 0 0 1-.5-.5V8H0v2a2 2 0 0 0 2 2h2v-1.5ZM8 12v-1.5h2a.5.5 0 0 0 .5-.5V8H12v2a2 2 0 0 1-2 2H8Zm2-12a2 2 0 0 1 2 2v2h-1.5V2a.5.5 0 0 0-.5-.5H8V0h2Z\" \/>\n\t\t\t<\/svg>\n\t\t<\/button><\/figure>\n<\/div>\n\n\n<p>WERDER Feinkost stellt f\u00fcr die Podestpl\u00e4tze der Laufstrecken beim M\u00fcggelturmlauf und beim <a href=\"https:\/\/ww-sport.de\/mueggelsee_hm\/\" target=\"_blank\" rel=\"noreferrer noopener\">M\u00fcggelsee-Halbmarathon<\/a> je ein <strong>\u00dcberraschungs-Genie\u00dfer-Paket<\/strong> zur Verf\u00fcgung.<\/p>\n\n\n\n<div class=\"wp-block-buttons is-layout-flex wp-block-buttons-is-layout-flex\">\n<div class=\"wp-block-button\"><a class=\"wp-block-button__link wp-element-button\" href=\"https:\/\/www.werder-feinkost.de\" style=\"border-radius:6px\" target=\"_blank\" rel=\"noreferrer noopener\">Werder Feinkost ansehen<\/a><\/div>\n<\/div>\n\n\n\n<div class=\"wp-block-buttons is-layout-flex wp-block-buttons-is-layout-flex\">\n<div class=\"wp-block-button has-custom-width wp-block-button__width-50 is-style-outline is-style-outline--1\"><a class=\"wp-block-button__link wp-element-button\" href=\"https:\/\/ww-sport.de\/mueggelturm-lauf\/partner\/\" style=\"border-radius:5px\">Zur\u00fcck zu Partner<\/a><\/div>\n<\/div>\n","protected":false},"excerpt":{"rendered":"<p>Was 1873 aus einem Zusammenschluss vieler kleiner Betriebe, die Obst und Gem\u00fcse konservieren begann, entwickelte sich \u00fcber die Zeit zu einer echten Erfolgsgeschichte. So \u00fcberstand WERDER die Irrungen&hellip;<\/p>\n","protected":false},"author":1,"featured_media":0,"parent":167,"menu_order":58,"comment_status":"closed","ping_status":"closed","template":"template-full-width.php","meta":{"footnotes":""},"class_list":["post-1113","page","type-page","status-publish","has-post-thumbnail","hentry"],"_links":{"self":[{"href":"https:\/\/ww-sport.de\/mueggelturm-lauf\/wp-json\/wp\/v2\/pages\/1113","targetHints":{"allow":["GET"]}}],"collection":[{"href":"https:\/\/ww-sport.de\/mueggelturm-lauf\/wp-json\/wp\/v2\/pages"}],"about":[{"href":"https:\/\/ww-sport.de\/mueggelturm-lauf\/wp-json\/wp\/v2\/types\/page"}],"author":[{"embeddable":true,"href":"https:\/\/ww-sport.de\/mueggelturm-lauf\/wp-json\/wp\/v2\/users\/1"}],"replies":[{"embeddable":true,"href":"https:\/\/ww-sport.de\/mueggelturm-lauf\/wp-json\/wp\/v2\/comments?post=1113"}],"version-history":[{"count":9,"href":"https:\/\/ww-sport.de\/mueggelturm-lauf\/wp-json\/wp\/v2\/pages\/1113\/revisions"}],"predecessor-version":[{"id":1154,"href":"https:\/\/ww-sport.de\/mueggelturm-lauf\/wp-json\/wp\/v2\/pages\/1113\/revisions\/1154"}],"up":[{"embeddable":true,"href":"https:\/\/ww-sport.de\/mueggelturm-lauf\/wp-json\/wp\/v2\/pages\/167"}],"wp:attachment":[{"href":"https:\/\/ww-sport.de\/mueggelturm-lauf\/wp-json\/wp\/v2\/media?parent=1113"}],"curies":[{"name":"wp","href":"https:\/\/api.w.org\/{rel}","templated":true}]}}