{"id":175,"date":"2020-11-11T16:40:31","date_gmt":"2020-11-11T15:40:31","guid":{"rendered":"https:\/\/ww-sport.de\/mueggelturm-lauf\/?page_id=175"},"modified":"2023-02-14T18:00:44","modified_gmt":"2023-02-14T17:00:44","slug":"orga-leitung","status":"publish","type":"page","link":"https:\/\/ww-sport.de\/mueggelturm-lauf\/partner\/orga-leitung\/","title":{"rendered":"Orga-Leitung"},"content":{"rendered":"<div class=\"wp-block-image\">\n<figure class=\"alignleft\"><img loading=\"lazy\" decoding=\"async\" width=\"212\" height=\"300\" src=\"https:\/\/ww-sport.de\/mueggelturm-lauf\/wp-content\/uploads\/1990-5-lz-ti_400px-212x300.jpg\" alt=\"Erstausgabe der LAUFZEIT 5\/1990\" class=\"wp-image-249\" srcset=\"https:\/\/ww-sport.de\/mueggelturm-lauf\/wp-content\/uploads\/1990-5-lz-ti_400px-212x300.jpg 212w, https:\/\/ww-sport.de\/mueggelturm-lauf\/wp-content\/uploads\/1990-5-lz-ti_400px.jpg 400w\" sizes=\"auto, (max-width: 212px) 100vw, 212px\" \/><figcaption class=\"wp-element-caption\">Die Erstausgabe der <br>LAUFZEIT 5\/1990.<\/figcaption><\/figure>\n<\/div>\n\n\n<p><span style=\"font-family: verdana, geneva, sans-serif; font-size: 14pt;\">Die WW-Sportveranstaltungs GmbH hat jahrzehntelange Erfahrungen im Veranstaltungsbereich. Der Gesch\u00e4ftsf\u00fchrer Wolfgang Weising war Mit-Gr\u00fcnder und dann lange Jahre Chefredakteur der <a rel=\"noopener noreferrer\" href=\"https:\/\/laufzeit.de\/\" target=\"_blank\">Zeitschrift LAUFZEIT<\/a>.<\/span><\/p>\n\n\n\n<p><span style=\"font-family: verdana, geneva, sans-serif; font-size: 14pt;\">Das Unternehmen veranstaltet auch den <a rel=\"noopener noreferrer\" href=\"https:\/\/ww-sport.de\/mueggelsee_hm\/\" target=\"_blank\">M\u00fcggelsee-Halbmarathon<\/a> im Herbst und gibt die j\u00e4hrlichen <a rel=\"noopener noreferrer\" href=\"https:\/\/ww-sport.de\/laufkalender-bb\/\" target=\"_blank\">Laufkalender Berlin-Brandenburg<\/a> sowie <a href=\"https:\/\/www.united-kiosk.de\/zeitschriften\/sport\/lauftermine\/\" target=\"_blank\" rel=\"noreferrer noopener\">LAUFTERMINE<\/a> heraus.<\/span><\/p>\n\n\n<div class=\"wp-block-image is-style-default\">\n<figure class=\"aligncenter size-medium\"><img loading=\"lazy\" decoding=\"async\" width=\"300\" height=\"223\" src=\"https:\/\/ww-sport.de\/mueggelturm-lauf\/wp-content\/uploads\/ww-300x223.png\" alt=\"\" class=\"wp-image-76\" srcset=\"https:\/\/ww-sport.de\/mueggelturm-lauf\/wp-content\/uploads\/ww-300x223.png 300w, https:\/\/ww-sport.de\/mueggelturm-lauf\/wp-content\/uploads\/ww.png 512w\" sizes=\"auto, (max-width: 300px) 100vw, 300px\" \/><\/figure>\n<\/div>\n\n\n<div class=\"wp-block-buttons is-layout-flex wp-block-buttons-is-layout-flex\">\n<div class=\"wp-block-button has-custom-width wp-block-button__width-50 is-style-outline is-style-outline--1\"><a class=\"wp-block-button__link wp-element-button\" href=\"https:\/\/ww-sport.de\/mueggelturm-lauf\/partner\/\" style=\"border-radius:5px\">Zur\u00fcck zu Partner<\/a><\/div>\n<\/div>\n","protected":false},"excerpt":{"rendered":"<p>Die WW-Sportveranstaltungs GmbH hat jahrzehntelange Erfahrungen im Veranstaltungsbereich. Der Gesch\u00e4ftsf\u00fchrer Wolfgang Weising war Mit-Gr\u00fcnder und dann lange Jahre Chefredakteur der Zeitschrift LAUFZEIT. Das Unternehmen veranstaltet auch den M\u00fcggelsee-Halbmarathon&hellip;<\/p>\n","protected":false},"author":1,"featured_media":37,"parent":167,"menu_order":51,"comment_status":"closed","ping_status":"closed","template":"template-full-width.php","meta":{"footnotes":""},"class_list":["post-175","page","type-page","status-publish","has-post-thumbnail","hentry"],"_links":{"self":[{"href":"https:\/\/ww-sport.de\/mueggelturm-lauf\/wp-json\/wp\/v2\/pages\/175","targetHints":{"allow":["GET"]}}],"collection":[{"href":"https:\/\/ww-sport.de\/mueggelturm-lauf\/wp-json\/wp\/v2\/pages"}],"about":[{"href":"https:\/\/ww-sport.de\/mueggelturm-lauf\/wp-json\/wp\/v2\/types\/page"}],"author":[{"embeddable":true,"href":"https:\/\/ww-sport.de\/mueggelturm-lauf\/wp-json\/wp\/v2\/users\/1"}],"replies":[{"embeddable":true,"href":"https:\/\/ww-sport.de\/mueggelturm-lauf\/wp-json\/wp\/v2\/comments?post=175"}],"version-history":[{"count":13,"href":"https:\/\/ww-sport.de\/mueggelturm-lauf\/wp-json\/wp\/v2\/pages\/175\/revisions"}],"predecessor-version":[{"id":781,"href":"https:\/\/ww-sport.de\/mueggelturm-lauf\/wp-json\/wp\/v2\/pages\/175\/revisions\/781"}],"up":[{"embeddable":true,"href":"https:\/\/ww-sport.de\/mueggelturm-lauf\/wp-json\/wp\/v2\/pages\/167"}],"wp:featuredmedia":[{"embeddable":true,"href":"https:\/\/ww-sport.de\/mueggelturm-lauf\/wp-json\/wp\/v2\/media\/37"}],"wp:attachment":[{"href":"https:\/\/ww-sport.de\/mueggelturm-lauf\/wp-json\/wp\/v2\/media?parent=175"}],"curies":[{"name":"wp","href":"https:\/\/api.w.org\/{rel}","templated":true}]}}