{"id":39,"date":"2020-11-06T09:43:05","date_gmt":"2020-11-06T08:43:05","guid":{"rendered":"https:\/\/ww-sport.de\/mueggelturm-lauf\/?page_id=39"},"modified":"2025-05-25T16:16:40","modified_gmt":"2025-05-25T14:16:40","slug":"anmelden","status":"publish","type":"page","link":"https:\/\/ww-sport.de\/mueggelturm-lauf\/dabei-sein\/anmelden\/","title":{"rendered":"Anmelden"},"content":{"rendered":"\n<h3 class=\"wp-block-heading\">F\u00fcr den 11. M\u00fcggelturmlauf ist ausschlie\u00dflich die Online-Anmeldung m\u00f6glich.<\/h3>\n\n\n\n<div class=\"wp-block-buttons alignwide is-content-justification-center is-layout-flex wp-container-core-buttons-is-layout-16018d1d wp-block-buttons-is-layout-flex\">\n<div class=\"wp-block-button has-custom-width wp-block-button__width-50 line-height: 30px\"><a class=\"wp-block-button__link has-accent-background-color has-background wp-element-button\" href=\"https:\/\/www.davengo.com\/event\/overview\/11-rund-um-den-mueggelturm-der-lauf-in-den-fruehling-2026\" style=\"border-radius:5px\">Jetzt \u00fcber davengo anmelden f\u00fcr alle Strecken <strong>\u2197<\/strong><\/a><\/div>\n<\/div>\n\n\n\n<p><\/p>\n","protected":false},"excerpt":{"rendered":"<p>F\u00fcr den 11. M\u00fcggelturmlauf ist ausschlie\u00dflich die Online-Anmeldung m\u00f6glich.<\/p>\n","protected":false},"author":1,"featured_media":40,"parent":1016,"menu_order":26,"comment_status":"closed","ping_status":"closed","template":"template-full-width.php","meta":{"footnotes":""},"class_list":["post-39","page","type-page","status-publish","has-post-thumbnail","hentry"],"_links":{"self":[{"href":"https:\/\/ww-sport.de\/mueggelturm-lauf\/wp-json\/wp\/v2\/pages\/39","targetHints":{"allow":["GET"]}}],"collection":[{"href":"https:\/\/ww-sport.de\/mueggelturm-lauf\/wp-json\/wp\/v2\/pages"}],"about":[{"href":"https:\/\/ww-sport.de\/mueggelturm-lauf\/wp-json\/wp\/v2\/types\/page"}],"author":[{"embeddable":true,"href":"https:\/\/ww-sport.de\/mueggelturm-lauf\/wp-json\/wp\/v2\/users\/1"}],"replies":[{"embeddable":true,"href":"https:\/\/ww-sport.de\/mueggelturm-lauf\/wp-json\/wp\/v2\/comments?post=39"}],"version-history":[{"count":54,"href":"https:\/\/ww-sport.de\/mueggelturm-lauf\/wp-json\/wp\/v2\/pages\/39\/revisions"}],"predecessor-version":[{"id":1522,"href":"https:\/\/ww-sport.de\/mueggelturm-lauf\/wp-json\/wp\/v2\/pages\/39\/revisions\/1522"}],"up":[{"embeddable":true,"href":"https:\/\/ww-sport.de\/mueggelturm-lauf\/wp-json\/wp\/v2\/pages\/1016"}],"wp:featuredmedia":[{"embeddable":true,"href":"https:\/\/ww-sport.de\/mueggelturm-lauf\/wp-json\/wp\/v2\/media\/40"}],"wp:attachment":[{"href":"https:\/\/ww-sport.de\/mueggelturm-lauf\/wp-json\/wp\/v2\/media?parent=39"}],"curies":[{"name":"wp","href":"https:\/\/api.w.org\/{rel}","templated":true}]}}